y 34.
30
What is the remainder when 187 is divided by 47?
46
What is the remainder when 622 is divided by 25?
22
What is the remainder when 56 is divided by 18?
2
What is the remainder when 789 is divided by 66?
63
Calculate the remainder when 398 is divided by 135.
128
Calculate the remainder when 225 is divided by 6.
3
Calculate the remainder when 173 is divided by 49.
26
What is the remainder when 543 is divided by 181?
0
What is the remainder when 1119 is divided by 141?
132
Calculate the remainder when 148 is divided by 93.
55
What is the remainder when 146 is divided by 74?
72
What is the remainder when 224 is divided by 73?
5
Calculate the remainder when 763 is divided by 164.
107
Calculate the remainder when 9638 is divided by 42.
20
What is the remainder when 1064 is divided by 26?
24
What is the remainder when 182 is divided by 25?
7
Calculate the remainder when 37 is divided by 4.
1
Calculate the remainder when 3372 is divided by 198.
6
What is the remainder when 259 is divided by 5?
4
What is the remainder when 779 is divided by 39?
38
What is the remainder when 47 is divided by 14?
5
What is the remainder when 2843 is divided by 63?
8
What is the remainder when 32 is divided by 11?
10
What is the remainder when 280 is divided by 229?
51
Calculate the remainder when 1564 is divided by 27.
25
What is the remainder when 104 is divided by 42?
20
Calculate the remainder when 440 is divided by 64.
56
What is the remainder when 4317 is divided by 538?
13
What is the remainder when 360 is divided by 29?
12
What is the remainder when 1834 is divided by 36?
34
Calculate the remainder when 192 is divided by 68.
56
What is the remainder when 1049 is divided by 358?
333
Calculate the remainder when 290 is divided by 59.
54
Calculate the remainder when 279 is divided by 35.
34
Calculate the remainder when 628 is divided by 23.
7
What is the remainder when 325 is divided by 21?
10
What is the remainder when 1145 is divided by 112?
25
What is the remainder when 62 is divided by 23?
16
What is the remainder when 258 is divided by 52?
50
Calculate the remainder when 2961 is divided by 13.
10
Calculate the remainder when 80 is divided by 16.
0
Calculate the remainder when 932 is divided by 24.
20
Calculate the remainder when 32480 is divided by 9.
8
What is the remainder when 760 is divided by 12?
4
Calculate the remainder when 117 is divided by 43.
31
Calculate the remainder when 271 is divided by 57.
43
What is the remainder when 104 is divided by 99?
5
Calculate the remainder when 69 is divided by 50.
19
Calculate the remainder when 54 is divided by 15.
9
Calculate the remainder when 8 is divided by 8.
0
Calculate the remainder when 235 is divided by 49.
39
Calculate the remainder when 595 is divided by 101.
90
Calculate the remainder when 193 is divided by 17.
6
What is the remainder when 67 is divided by 36?
31
Calculate the remainder when 205 is divided by 59.
28
What is the remainder when 4496 is divided by 15?
11
Calculate the remainder when 414 is divided by 105.
99
Calculate the remainder when 306 is divided by 20.
6
Calculate the remainder when 220 is divided by 30.
10
Calculate the remainder when 47 is divided by 27.
20
Calculate the remainder when 189 is divided by 61.
6
Calculate the remainder when 3271 is divided by 25.
21
Calculate the remainder when 306 is divided by 44.
42
What is the remainder when 2640 is divided by 18?
12
What is the remainder when 101 is divided by 15?
11
What is the remainder when 748 is divided by 240?
28
What is the remainder when 117 is divided by 41?
35
What is the remainder when 859 is divided by 31?
22
What is the remainder when 192 is divided by 83?
26
What is the remainder when 46 is divided by 8?
6
What is the remainder when 154 is divided by 50?
4
Calculate the remainder when 104 is divided by 47.
10
What is the remainder when 1733 is divided by 87?
80
Calculate the remainder when 118 is divided by 37.
7
What is the remainder when 714 is divided by 55?
54
What is the remainder when 191 is divided by 93?
5
Calculate the remainder when 255 is divided by 16.
15
What is the remainder when 117 is divided by 40?
37
What is the remainder when 35 is divided by 8?
3
Calculate the remainder when 73 is divided by 10.
3
Calculate the remainder when 730 is divided by 12.
10
What is the remainder when 827 is divided by 168?
155
Calculate the remainder when 15808 is divided by 85.
83
Calculate the remainder when 1754 is divided by 12.
2
What is the remainder when 550 is divided by 93?
85
What is the remainder when 3242 is divided by 69?
68
Calculate the remainder when 339 is divided by 9.
6
What is the remainder when 97 is divided by 33?
31
Calculate the remainder when 86 is divided by 42.
2
What is the remainder when 1910 is divided by 22?
18
Calculate the remainder when 397 is divided by 16.
13
Calculate the remainder when 84 is divided by 21.
0
What is the remainder when 14637 is divided by 13?
12
What is the remainder when 183 is divided by 36?
3
What is the remainder when 1493 is divided by 138?
113
What is the remainder when 650 is divided by 250?
150
What is the remainder when 1050 is divided by 337?
39
Calculate the remainder when 199 is divided by 68.
63
Calculate the remainder when 303 is divided by 104.
95
What is the remainder when 6524 is divided by 45?
44
What is the remainder when 223 is divided by 28?
27
Calculate the remainder when 471 is divided by 29.
7
What is the remainder when 1331 is divided by 148?
147
What is the remainder when 263 is divided by 66?
65
Calculate the remainder when 143 is divided by 18.
17
Calculate the remainder when 71 is divided by 15.
11
Calculate the remainder when 18795 is divided by 148.
147
What is the remainder when 506 is divided by 3?
2
Calculate the remainder when 3615 is divided by 1806.
3
Calculate the remainder when 440 is divided by 28.
20
Calculate the remainder when 276 is divided by 141.
135
Calculate the remainder when 1122 is divided by 94.
88
Calculate the remainder when 511 is divided by 56.
7
Calculate the remainder when 124 is divided by 63.
61
Calculate the remainder when 349 is divided by 302.
47
What is the remainder when 248 is divided by 51?
44
What is the remainder when 198 is divided by 50?
48
Calculate the remainder when 927 is divided by 10.
7
What is the remainder when 1329 is divided by 28?
13
Calculate the remainder when 417 is divided by 386.
31
What is the remainder when 923 is divided by 388?
147
Calculate the remainder when 1021 is divided by 26.
7
What is the remainder when 758 is divided by 76?
74
What is the remainder when 2 is divided by 2?
0
What is the remainder when 1496 is divided by 268?
156
Calculate the remainder when 203 is divided by 12.
11
Calculate the remainder when 3194 is divided by 25.
19
What is the remainder when 350 is divided by 105?
35
Calculate the remainder when 147 is divided by 44.
15
What is the remainder when 226 is divided by 12?
10
What is the remainder when 8696 is divided by 60?
56
What is the remainder when 208 is divided by 35?
33
Calculate the remainder when 2523 is divided by 359.
10
Calculate the remainder when 4024 is divided by 21.
13
Calculate the remainder when 409 is divided by 175.
59
Calculate the remainder when 2606 is divided by 4.
2
Calculate the remainder when 1264 is divided by 20.
4
What is the remainder when 15109 is divided by 11?
6
Calculate the remainder when 924 is divided by 32.
28
What is the remainder when 229 is divided by 29?
26
Calculate the remainder when 2611 is divided by 5.
1
What is the remainder when 1190 is divided by 579?
32
What is the remainder when 123 is divided by 37?
12
Calculate the remainder when 237 is divided by 49.
41
What is the remainder when 63 is divided by 16?
15
What is the remainder when 865 is divided by 185?
125
What is the remainder when 83 is divided by 22?
17
Calculate the remainder when 434 is divided by 55.
49
Calculate the remainder when 216 is divided by 26.
8
What is the remainder when 194 is divided by 94?
6
What is the remainder when 932 is divided by 85?
82
Calculate the remainder when 2303 is divided by 759.
26
Calculate the remainder when 838 is divided by 4.
2
What is the remainder when 417 is divided by 368?
49
What is the re